{"id":1993,"date":"2021-05-07T12:30:44","date_gmt":"2021-05-07T12:30:44","guid":{"rendered":"https:\/\/www.udsp76.com\/?page_id=1993"},"modified":"2024-08-14T12:27:47","modified_gmt":"2024-08-14T12:27:47","slug":"elementor-1993","status":"publish","type":"page","link":"https:\/\/www.udsp76.com\/?page_id=1993","title":{"rendered":"FORMATION CONTINUE FORMATEUR AUX PREMIERS SECOURS EN EQUIPE (FC FPSE)"},"content":{"rendered":"\t\t<div data-elementor-type=\"wp-post\" data-elementor-id=\"1993\" class=\"elementor elementor-1993\" data-elementor-settings=\"[]\">\n\t\t\t<div class=\"elementor-inner\">\n\t\t\t\t<div class=\"elementor-section-wrap\">\n\t\t\t\t\t\t\t<section class=\"elementor-element elementor-element-758ffd1 elementor-section-boxed elementor-section-height-default elementor-section-height-default elementor-section elementor-top-section\" data-id=\"758ffd1\" data-element_type=\"section\">\n\t\t\t\t\t\t<div class=\"elementor-container elementor-column-gap-default\">\n\t\t\t\t<div class=\"elementor-row\">\n\t\t\t\t<div class=\"elementor-element elementor-element-523d6e1 elementor-column elementor-col-100 elementor-top-column\" data-id=\"523d6e1\" data-element_type=\"column\">\n\t\t\t<div class=\"elementor-column-wrap  elementor-element-populated\">\n\t\t\t\t\t<div class=\"elementor-widget-wrap\">\n\t\t\t\t<div class=\"elementor-element elementor-element-ba8832d elementor-widget elementor-widget-text-editor\" data-id=\"ba8832d\" data-element_type=\"widget\" data-widget_type=\"text-editor.default\">\n\t\t\t\t<div class=\"elementor-widget-container\">\n\t\t\t\t\t<div class=\"elementor-text-editor elementor-clearfix\"><p><span style=\"text-decoration: underline; color: #ff6600;\"><strong>Public vis\u00e9 <\/strong><\/span>: Tout public<\/p>\n<p><span style=\"text-decoration: underline; color: #ff6600;\"><strong>Pr\u00e9requis<\/strong><\/span><strong>: <\/strong>Etre titulaire du Certificat de Comp\u00e9tences de Formateur aux Premiers Secours<\/p>\n<p><span style=\"text-decoration: underline; color: #ff6600;\"><strong>&nbsp;<\/strong><strong>Objectifs<\/strong><\/span>: Maintenir et actualiser ses comp\u00e9tences<\/p>\n<p><\/p>\n<p><span style=\"text-decoration: underline; color: #ff6600;\"><strong>Contenu <\/strong><\/span>: Programme RIC RIF PSE1 et PSE2 \u2013 Programme RIC RIF Formation Premiers Secours \u2013 Programme annuel d\u00e9finit par la Direction G\u00e9n\u00e9rale de la S\u00e9curit\u00e9 et de la Gestion des Crises (DGSCGC)<\/p>\n<p><strong><span style=\"text-decoration: underline; color: #ff6600;\">Dur\u00e9e<\/span>&nbsp;: <\/strong>6 heures par an<\/p>\n<p><strong>&nbsp;<\/strong><\/p>\n<p><span style=\"text-decoration: underline; color: #ff6600;\"><strong>Modalit\u00e9s pratiques et logistiques <\/strong><\/span>: 1 journ\u00e9e &#8211; &nbsp;Repas en commun \u2013 Activit\u00e9s d\u00e9monstratives, applicatives<\/p>\n<p><span style=\"text-decoration: underline; color: #ff6600;\"><strong>D\u00e9lais d\u2019acc\u00e8s \u00e0 la formation <\/strong><\/span>: Liste des formateurs \u2013 Inscriptions sur des dates arr\u00eat\u00e9es<\/p>\n<p><\/p>\n<p><strong><span style=\"text-decoration: underline; color: #ff6600;\">Accessibilit\u00e9 aux personnes en situation d\u2019handicap<\/span>&nbsp;: <\/strong>Oui sauf personne \u00e0 mobilit\u00e9 r\u00e9duite (PMR)<\/p>\n<p><strong><span style=\"text-decoration: underline; color: #ff6600;\">Lieu de la formation<\/span>&nbsp;: <\/strong>YVETOT \u2013 Dans les locaux de l\u2019UDSP76<\/p>\n<p><strong><span style=\"text-decoration: underline; color: #ff6600;\">Pr\u00e9sentation de l\u2019\u00e9quipe p\u00e9dagogique<\/span>&nbsp;: <\/strong>1 concepteur Animateur de Formation \u00e0 jour de sa formation continue<\/p>\n<p><\/p>\n<p><span style=\"text-decoration: underline; color: #ff6600;\"><strong>M\u00e9thodes mobilis\u00e9es \/ Modalit\u00e9s d\u2019\u00e9valuation <\/strong><\/span>: Formative + certificative<\/p>\n<p><span style=\"text-decoration: underline; color: #ff6600;\"><strong>Possibilit\u00e9s de validation d\u2019un\/des blocs de comp\u00e9tences <\/strong><\/span>: non<\/p>\n<p><span style=\"text-decoration: underline; color: #ff6600;\"><strong>Equivalences, passerelles<\/strong><\/span>: Formateur en Sauvetage Secouriste du Travail avec compl\u00e9ment SST (28 heures) + SST + FOAD Base de pr\u00e9vention<\/p>\n<p><\/p>\n<p><span style=\"text-decoration: underline; color: #ff6600;\"><strong>Suites de parcours <\/strong><\/span>: Formateur de Formateur,<\/p>\n<p><span style=\"text-decoration: underline; color: #ff6600;\"><strong>D\u00e9bouch\u00e9s <\/strong><\/span>: Responsable p\u00e9dagogique de stage<\/p>\n<p><span style=\"text-decoration: underline; color: #ff6600;\"><strong>Taux d\u2019obtention des certifications pr\u00e9par\u00e9es <\/strong><\/span>: 100%<\/p>\n<p><\/p>\n<p><span style=\"text-decoration: underline; color: #ff6600;\"><strong>Documentation<\/strong> <\/span><strong><span style=\"text-decoration: underline; color: #ff6600;\">utile<\/span>&nbsp;: <\/strong>M\u00e9mento du formateur aux premiers secours \u2013 Recommandations PSE1\/PSE2<\/p>\n<p><\/p>\n<p><span style=\"text-decoration: underline; color: #ff6600;\"><strong>Tarif <\/strong><\/span>: Gratuit\u00e9 pour les sapeurs-pompiers<\/p>\n<p><\/p>\n<h4 style=\"text-align: center;\"><span style=\"text-decoration: underline; color: #ff6600;\"><strong>Contact <\/strong><\/span>:<\/h4>\n<p style=\"text-align: center;\"><u>R\u00e9f\u00e9rent Administratif : <\/u>&nbsp;<\/p>\n<p style=\"text-align: center;\">DANGER Sophie \u2013 Assistante de direction \u2013 02 32 70 44 35 \u2013 udsp76@gmail.com<\/p>\n<p style=\"text-align: center;\"><u style=\"letter-spacing: 0px;\">R\u00e9f\u00e9rent P\u00e9dagogique<\/u><span style=\"letter-spacing: 0px;\">:<\/span><\/p>\n<p style=\"text-align: center;\">COURONNET Pierre \u2013 Formateur de formateurs \u2013 06 11 58 77 16 \u2013 udsp76formations@wanadoo.frA<\/p>\n<p><\/p><\/div>\n\t\t\t\t<\/div>\n\t\t\t\t<\/div>\n\t\t\t\t\t\t<\/div>\n\t\t\t<\/div>\n\t\t<\/div>\n\t\t\t\t\t\t<\/div>\n\t\t\t<\/div>\n\t\t<\/section>\n\t\t\t\t<section class=\"elementor-element elementor-element-9f3dfb2 elementor-section-boxed elementor-section-height-default elementor-section-height-default elementor-section elementor-top-section\" data-id=\"9f3dfb2\" data-element_type=\"section\">\n\t\t\t\t\t\t<div class=\"elementor-container elementor-column-gap-default\">\n\t\t\t\t<div class=\"elementor-row\">\n\t\t\t\t<div class=\"elementor-element elementor-element-1a90634 elementor-column elementor-col-100 elementor-top-column\" data-id=\"1a90634\" data-element_type=\"column\">\n\t\t\t<div class=\"elementor-column-wrap  elementor-element-populated\">\n\t\t\t\t\t<div class=\"elementor-widget-wrap\">\n\t\t\t\t<div class=\"elementor-element elementor-element-a3c2b46 elementor-widget elementor-widget-text-editor\" data-id=\"a3c2b46\" data-element_type=\"widget\" data-widget_type=\"text-editor.default\">\n\t\t\t\t<div class=\"elementor-widget-container\">\n\t\t\t\t\t<div class=\"elementor-text-editor elementor-clearfix\"><h3><span style=\"color: #ff6600;\">PROGRAMME DE FORMATION : <a href=\"https:\/\/www.udsp76.com\/?attachment_id=2865\" rel=\"attachment wp-att-2865\">CLIQUEZ ICI<\/a><\/span><\/h3><\/div>\n\t\t\t\t<\/div>\n\t\t\t\t<\/div>\n\t\t\t\t\t\t<\/div>\n\t\t\t<\/div>\n\t\t<\/div>\n\t\t\t\t\t\t<\/div>\n\t\t\t<\/div>\n\t\t<\/section>\n\t\t\t\t<section class=\"elementor-element elementor-element-16d65f2 elementor-section-boxed elementor-section-height-default elementor-section-height-default elementor-section elementor-top-section\" data-id=\"16d65f2\" data-element_type=\"section\">\n\t\t\t\t\t\t<div class=\"elementor-container elementor-column-gap-default\">\n\t\t\t\t<div class=\"elementor-row\">\n\t\t\t\t<div class=\"elementor-element elementor-element-9792eb3 elementor-column elementor-col-100 elementor-top-column\" data-id=\"9792eb3\" data-element_type=\"column\">\n\t\t\t<div class=\"elementor-column-wrap  elementor-element-populated\">\n\t\t\t\t\t<div class=\"elementor-widget-wrap\">\n\t\t\t\t<div class=\"elementor-element elementor-element-3028b36 elementor-widget elementor-widget-text-editor\" data-id=\"3028b36\" data-element_type=\"widget\" data-widget_type=\"text-editor.default\">\n\t\t\t\t<div class=\"elementor-widget-container\">\n\t\t\t\t\t<div class=\"elementor-text-editor elementor-clearfix\"><h3><span style=\"color: #ff6600;\">FICHE DE PRESENTATION DE LA FORMATION : <a href=\"https:\/\/www.udsp76.com\/?attachment_id=2867\" rel=\"attachment wp-att-2867\">CLIQUEZ ICI<\/a><\/span><\/h3><\/div>\n\t\t\t\t<\/div>\n\t\t\t\t<\/div>\n\t\t\t\t\t\t<\/div>\n\t\t\t<\/div>\n\t\t<\/div>\n\t\t\t\t\t\t<\/div>\n\t\t\t<\/div>\n\t\t<\/section>\n\t\t\t\t<section class=\"elementor-element elementor-element-d68218a elementor-section-boxed elementor-section-height-default elementor-section-height-default elementor-section elementor-top-section\" data-id=\"d68218a\" data-element_type=\"section\">\n\t\t\t\t\t\t<div class=\"elementor-container elementor-column-gap-default\">\n\t\t\t\t<div class=\"elementor-row\">\n\t\t\t\t<div class=\"elementor-element elementor-element-4059640 elementor-column elementor-col-100 elementor-top-column\" data-id=\"4059640\" data-element_type=\"column\">\n\t\t\t<div class=\"elementor-column-wrap  elementor-element-populated\">\n\t\t\t\t\t<div class=\"elementor-widget-wrap\">\n\t\t\t\t<div class=\"elementor-element elementor-element-4478c61 elementor-widget elementor-widget-image\" data-id=\"4478c61\" data-element_type=\"widget\" data-widget_type=\"image.default\">\n\t\t\t\t<div class=\"elementor-widget-container\">\n\t\t\t\t\t<div class=\"elementor-image\">\n\t\t\t\t\t\t\t\t\t\t<img width=\"1024\" height=\"768\" src=\"https:\/\/www.udsp76.com\/wp-content\/uploads\/2021\/05\/P1110264-1024x768.jpg\" class=\"attachment-large size-large\" alt=\"\" decoding=\"async\" loading=\"lazy\" srcset=\"https:\/\/www.udsp76.com\/wp-content\/uploads\/2021\/05\/P1110264-1024x768.jpg 1024w, https:\/\/www.udsp76.com\/wp-content\/uploads\/2021\/05\/P1110264-300x225.jpg 300w, https:\/\/www.udsp76.com\/wp-content\/uploads\/2021\/05\/P1110264-768x576.jpg 768w, https:\/\/www.udsp76.com\/wp-content\/uploads\/2021\/05\/P1110264-1536x1152.jpg 1536w, https:\/\/www.udsp76.com\/wp-content\/uploads\/2021\/05\/P1110264-2048x1536.jpg 2048w, https:\/\/www.udsp76.com\/wp-content\/uploads\/2021\/05\/P1110264-160x120.jpg 160w\" sizes=\"(max-width: 1024px) 100vw, 1024px\" \/>\t\t\t\t\t\t\t\t\t\t\t<\/div>\n\t\t\t\t<\/div>\n\t\t\t\t<\/div>\n\t\t\t\t\t\t<\/div>\n\t\t\t<\/div>\n\t\t<\/div>\n\t\t\t\t\t\t<\/div>\n\t\t\t<\/div>\n\t\t<\/section>\n\t\t\t\t\t\t<\/div>\n\t\t\t<\/div>\n\t\t<\/div>\n\t\t","protected":false},"excerpt":{"rendered":"<p>Public vis\u00e9 : Tout public Pr\u00e9requis: Etre titulaire du Certificat de Comp\u00e9tences de Formateur aux Premiers Secours &nbsp;Objectifs: Maintenir et actualiser ses comp\u00e9tences Contenu : Programme RIC RIF PSE1 et PSE2 \u2013 Programme RIC RIF Formation Premiers Secours \u2013 Programme annuel d\u00e9finit par la Direction G\u00e9n\u00e9rale de la S\u00e9curit\u00e9 et de la Gestion des Crises&hellip;<\/p>\n","protected":false},"author":1,"featured_media":0,"parent":0,"menu_order":0,"comment_status":"closed","ping_status":"closed","template":"","meta":[],"categories":[],"tags":[],"_links":{"self":[{"href":"https:\/\/www.udsp76.com\/index.php?rest_route=\/wp\/v2\/pages\/1993"}],"collection":[{"href":"https:\/\/www.udsp76.com\/index.php?rest_route=\/wp\/v2\/pages"}],"about":[{"href":"https:\/\/www.udsp76.com\/index.php?rest_route=\/wp\/v2\/types\/page"}],"author":[{"embeddable":true,"href":"https:\/\/www.udsp76.com\/index.php?rest_route=\/wp\/v2\/users\/1"}],"replies":[{"embeddable":true,"href":"https:\/\/www.udsp76.com\/index.php?rest_route=%2Fwp%2Fv2%2Fcomments&post=1993"}],"version-history":[{"count":12,"href":"https:\/\/www.udsp76.com\/index.php?rest_route=\/wp\/v2\/pages\/1993\/revisions"}],"predecessor-version":[{"id":3021,"href":"https:\/\/www.udsp76.com\/index.php?rest_route=\/wp\/v2\/pages\/1993\/revisions\/3021"}],"wp:attachment":[{"href":"https:\/\/www.udsp76.com\/index.php?rest_route=%2Fwp%2Fv2%2Fmedia&parent=1993"}],"wp:term":[{"taxonomy":"category","embeddable":true,"href":"https:\/\/www.udsp76.com\/index.php?rest_route=%2Fwp%2Fv2%2Fcategories&post=1993"},{"taxonomy":"post_tag","embeddable":true,"href":"https:\/\/www.udsp76.com\/index.php?rest_route=%2Fwp%2Fv2%2Ftags&post=1993"}],"curies":[{"name":"wp","href":"https:\/\/api.w.org\/{rel}","templated":true}]}}